p. Let a(o) = 3*o + 3. What is a(t)?
-6
Let a(c) = 3*c + 2. Let w(b) = 7*b + 5. Let p(q) = -5*a(q) + 2*w(q). Let y be (-6)/(-1)*2/3. Determine p(y).
-4
Let q(n) = -5*n - 1. Suppose 2*p + 3*j = 2*j + 95, -55 = -p + j. Suppose f - p = -f. Suppose 0 = -4*y - 2*d + 2, -5*y + 3*d = -0*d + f. Determine q(y).
9
Let i(s) = -4*s**2 + 1. Let r(m) = -m + 0*m + 0 - 3. Let p(j) = -j**2 + 11*j - 14. Let x be p(10). Let o be r(x). Determine i(o).
-3
Let n = 9 - 6. Let r(p) = -5*p - 3. Determine r(n).
-18
Let d be 84/36 + (-4)/(-6). Let k(x) = -x**3 + 3*x**2 - x - 4. What is k(d)?
-7
Suppose -6*t = -4*t - 8. Suppose 0 = -3*a - t*c + 14, -4*a - c - 1 = -a. Let o(z) = -z**3 - 2*z**2 + z - 1. Determine o(a).
-3
Let q(i) be the first derivative of 3*i**4/4 - i**2/2 - 19. Calculate q(-1).
-2
Let h = 2 + 4. Suppose 0 = 4*o - 3*o - s + 3, 2*o = 3*s - h. Let y(r) be the second derivative of r**5/20 + r**4/4 + r**3/3 - r**2/2 - 2*r. Determine y(o).
-7
Let n = 5 + -3. Let m = n - -4. Let b(y) = -y + 3. Let x be b(m). Let o(i) = 4*i + 4. Calculate o(x).
-8
Let r(p) = -p - 4. Let j be r(-7). Let f(q) = j + 3*q - 5*q + 3*q. Suppose 0 = -0*u + 3*u. Calculate f(u).
3
Let r(u) = 7*u + 19. Let s(g) = 3*g + 9. Let z(k) = 2*r(k) - 5*s(k). What is z(-7)?
0
Let z = 14 + -13. Let w(n) be the first derivative of 1/4*n**4 + n + 1/3*n**3 + 0*n**2 - z. Determine w(-2).
-3
Let y = 35 - 30. Let w(b) = -4*b**2 + 10*b - 3. Let l(c) = 3 - 4*c - 9*c + 2*c + 5*c**2. Let d(r) = 3*l(r) + 4*w(r). Determine d(y).
7
Let f(h) be the second derivative of -h**3/2 + 6*h**2 - 2*h. Let d(n) = -n + 5. Let i(z) = 12*d(z) - 5*f(z). Let p = -1 + -2. What is i(p)?
-9
Let w(j) be the first derivative of j**2/2 + 2*j + 10. Determine w(-4).
-2
Let q(j) = -j**2 - 3*j - 2. Suppose -4*f - f = 5*t - 75, 0 = -5*t - f + 91. Let g = t - 21. What is q(g)?
0
Let p(c) = 4*c**3 - 16*c**2 - 17*c + 16. Let z(y) = -y**3 + 4*y**2 + 4*y - 4. Let n(m) = -2*p(m) - 9*z(m). Give n(3).
-11
Let g be 21/(-4) - 3/4. Let h be (-2 + 1)*g/6. Let y(k) = -3*k**2 - k. What is y(h)?
-4
Let s(j) = j**2 + 9*j + 6. Let k be (-108)/(-3) + -3 + 0. Suppose -5*x - 2 - k = 0. Give s(x).
-8
Let j(l) be the second derivative of l**6/360 + l**4/12 + l. Let u(y) be the third derivative of j(y). Give u(3).
6
Let o = 5 + -1. Let f(v) = -v**3 + 5*v**2 - 5*v + 2. Give f(o).
-2
Let o(a) = -3*a - 23. Let d(t) = -t - 8. Let m(c) = -8*d(c) + 3*o(c). Let h(l) = -2*l + 9. Let k(b) = -b. Let i be k(-7). Let y be h(i). What is m(y)?
0
Let l be 1/(-5) + (-92)/(-10). Suppose 1 = -4*o + l. Let v(m) = m**2 - m + 2. Determine v(o).
4
Let j(f) = f**2 - 6*f - 1. Let c = -6 - -12. Let z be j(c). Let p(h) be the first derivative of 7*h**2/2 + 1. Calculate p(z).
-7
Let q(h) = 2*h + 6. Suppose 4*v + 13 = -15. Let x(y) = -y - 3. Let f(j) = v*x(j) - 3*q(j). Calculate f(-3).
0
Let i(l) = -31*l**2 + 8*l**3 + 30*l**2 - 9*l**3 - 4. Let j = 18 - 13. Suppose j*t = 2*t. Give i(t).
-4
Let r = 7 - 5. Let t(s) = -3*s**2 - 10 + 5*s**2 - 4*s**r + s**2. Let z be 0*(1 + (-8)/6). Give t(z).
-10
Let x = -7 + 9. Suppose 5*h - x*f - 30 = 0, h + f - 6 = -4*f. Let q(v) = -v**3 + 7*v**2 - 9*v + 5. Calculate q(h).
-13
Suppose 0 = -2*x + 5*x. Let z(g) be the second derivative of -g**4/12 + g**3/6 - 2*g**2 + 3*g. Determine z(x).
-4
Let m(i) be the second derivative of i**2 - 5/6*i**3 + 0 + 1/12*i**4 - 5*i. Calculate m(5).
2
Suppose 0 = -q - 4 + 5. Let n(x) = 9*x**3 + x**2 - 2*x + 1. Calculate n(q).
9
Let r(o) = o**2 + 2. Suppose 5*v + 10 = 0, -2*c + 4*v + 0*v = -4. Determine r(c).
6
Let s(q) = q**2 - 4*q - 4. Let j(x) = x + 11. Let i be j(-5). Give s(i).
8
Let m(l) = -l**3 - 10*l**2 - l - 13. Let d be m(-10). Let r = d + -3. Let t(y) = y**3 + 6*y**2 - 3. Calculate t(r).
-3
Let h(l) = l**3 - 2*l**2 - 3*l + 1. Let a(d) = -d**3 + 6*d**2 + 8*d - 4. Let q be a(7). Give h(q).
1
Let v(l) = l**2 - 4*l - 5. Let z be (((-9)/(-3))/1 + -1)*2. What is v(z)?
-5
Suppose 5*g + 15 = 0, -g = 3*n + 3*g + 3. Let v(t) be the second derivative of -t**5/20 + 5*t**4/12 - 5*t**3/6 + 3*t**2/2 - t. Calculate v(n).
6
Let c(a) = -a**2 + 6*a. Let r be (-3)/(-8) - (-63)/24. Calculate c(r).
9
Let i = -2 + 5. Suppose 5*z - 14 = -2*v, -8 = -4*z - 3*v - 1. Let m(l) = 2*l - 4 - z*l - l + 4*l. Give m(i).
-1
Let v(q) = q**3 + 5*q**2 - 4*q + 6. Suppose d - 6 = -4*x, 0 = 2*d + 2*d - 2*x + 30. Calculate v(d).
-6
Let m(y) = y**2 + y + 3. Let g(a) = -1. Let c(b) = 5*g(b) + m(b). Let v = 6 + 2. Let j be 0*2/v + 0. Determine c(j).
-2
Let f be 12 + -13 - 1*-3. Let q(l) = -2*l + 3*l + f*l - 2*l. What is q(-2)?
-2
Let o(n) be the first derivative of 2*n**3/3 - 7*n**2/2 + 4*n - 1. Suppose -2*r = -4 - 20. Suppose -5*q = j - 20, 0*j + 2*j = 3*q - r. Give o(q).
8
Let y(s) = -4*s**2 - 2*s + 1. Let l(d) = d**2 - 5*d + 1. Let q be l(0). What is y(q)?
-5
Let f(u) = u**2 + 5*u + 6. Let x be f(-4). Let r(m) = -m - 3 + x + 2*m + 0. Calculate r(5).
4
Suppose 4*h - 20 = 0, -4*o - h + 15 = 2. Let v be (o/(-6))/(1/(-3)). Let b(g) = v + 0*g + g**2 - 5 - 3*g. Give b(5).
6
Let y(k) be the third derivative of k**7/840 + k**6/180 + k**5/60 - k**4/8 - 2*k**3/3 - 2*k**2. Let c(d) be the first derivative of y(d). Determine c(2).
17
Let c(a) = -a**3 - 4*a**2 - 4*a - 3. Let z be 92/(-16) - 2/8. Let u be 0/(1/((-3)/z)). Suppose 3*l - l + 4 = u. Calculate c(l).
-3
Let i(h) be the second derivative of 1/10*h**5 + 0*h**4 + 4*h + 0 + 1/2*h**2 - 1/3*h**3. Calculate i(1).
1
Let r be (-2)/7 - 6/(-21). Let l(t) = t**3 + t**2 + t - 4. Give l(r).
-4
Let q(w) = w**2. Let z(o) = 5*o**2 - o + 2. Let k(d) = -4*q(d) + z(d). Let p(b) be the first derivative of k(b). Let x be -1 + 4/2 + 0. Give p(x).
1
Let w(j) = j**3 - 4*j**2 + 3*j - 3. Let g be -1 - -8 - (9 - 6). Calculate w(g).
9
Let h(x) = x**2 - 4*x + 7. Let q be ((-15)/(-6))/(2/4). What is h(q)?
12
Suppose -4*m - 121 = 7*m. Let y(v) = -v**2 - 11*v + 1. Determine y(m).
1
Let h(o) = 2*o + 0*o - 6*o - o. Give h(2).
-10
Let u be 2*5/(-48) + (-1)/(-4). Let p(g) be the third derivative of 0*g + u*g**4 + 0*g**5 + 2*g**2 + 0 - 1/120*g**6 + 0*g**3. Calculate p(0).
0
Let q(k) = 4*k - 3. Let j(n) = 5*n - 4. Let c(b) = -3*j(b) + 4*q(b). Let t be c(-3). Let u(m) = m**2 - m - 2. What is u(t)?
10
Let h(z) = -z**3 + 5*z**2 - 5*z + 4. Let p(o) = -o. Suppose -2*a - 4 - 2 = 0. Let c be p(a). Give h(c).
7
Let s = 13 - 23. Let y be 10/(-4)*12/s. Let f(v) be the first derivative of -v**3/3 + 3*v**2/2 - 4*v + 9. Calculate f(y).
-4
Let s(m) be the second derivative of m**3/2 - 3*m**2/2 + 21*m. Determine s(3).
6
Let u = 3 - 6. Let f(t) = 3*t - 5. Let o(k) = -6*k + 10. Let i(h) = u*o(h) - 5*f(h). Give i(4).
7
Let a(u) be the first derivative of u**4/4 - 5*u**3/3 - 2*u**2 - 6*u + 9. What is a(6)?
6
Let w = 24 + -17. Let b be (2*-3)/((-14)/w). Let k(g) = 3*g - 4*g + 2*g**2 - 1 - g**2. What is k(b)?
5
Let l(d) = 3*d**2 + 2*d + 3*d - 2*d**2. Give l(-6).
6
Let k be (-2)/2*(1 + 2). Let r(c) be the second derivative of -c**3/6 + c**2/2 + 33*c. Calculate r(k).
4
Let l(s) = -s**2 + 5*s + 4. Let p(i) = i**2 - 2*i + 3. Let f be p(3). Give l(f).
-2
Let h be 11/2 + 5/(-10). Suppose a - 8 = 4*b - 4*a, b + h = 2*a. Let s(v) = -v - 2*v + v + 1 + 0. Determine s(b).
-5
Let q be (-1)/3 - (-94)/(-6). Let w = q - -16. Let g(f) = -f**3 - f**2 + f + 1. Calculate g(w).
1
Let l = 13 + -19. Let d(u) = u**3 + 6*u**2 - u - 2. Let b be d(l). Let z(m) = m - 1. What is z(b)?
3
Let v(t) = t**3 + 4*t**2 + 2*t + 2. Let h be v(-3). Let y(d) = 2*d**2 + 4*d. Let o(m) = m**2 + 4*m. Let u(z) = 3*o(z) - 2*y(z). What is u(h)?
-5
Let u(k) be the first derivative of k**3/3 + 7*k**2/2 + 5*k - 1. Let d(s) = s**3 + 3*s**2 - 4*s + 5. Let p be d(-4). Suppose -10 = i - p. Calculate u(i).
-5
Suppose 18 - 3 = 3*y. Let k(o) = -o**2 + 6*o + 6. What is k(y)?
11
Let s(z) = 2*z**2 + 2*z - 14. Let j(k) = -2*k - k + 2*k - k**2 + 7. Let c(o) = -5*j(o) - 2*s(o). Suppose 3*a - 9 = 0, 3*p = -2*a - 3*a + 15. Calculate c(p).
-7
Let y(t) = -175*t**2 + 85*t**2 + 91*t**2 - 1 + t. Determine y(-2).
1
Let j(n) = -4*n**2 - 2*n + 2. Let b(t) = -t + 5. Let u be b(7). What is j(u)?
-10
Suppose 2*w - 4 = 6. Let g(u) = -2*u + 3 + u + w - 4. Determine g(-5).
9
Let u(c) = -2*c**2 - 3*c - 2. Suppose -3*w - q = 0, -4*w - 4*q - 5 = -13. What is u(w)?
-1
Let l(z) = z - 1. Let p = -5 + 10. Suppose 4*q + q = -p. Calculate l(q).
-2
Let s